{"id":64,"date":"2026-02-11T13:06:00","date_gmt":"2026-02-11T13:06:00","guid":{"rendered":"https:\/\/mini-siivous.fi\/?page_id=64"},"modified":"2026-02-20T09:51:07","modified_gmt":"2026-02-20T07:51:07","slug":"palvelut","status":"publish","type":"page","link":"https:\/\/mini-siivous.fi\/index.php\/palvelut\/","title":{"rendered":"Palvelut"},"content":{"rendered":"\n<p class=\"has-text-align-center\">Kaikkiin siivouspalveluihin kuuluu perussiivous: imurointi, vapaan lattia-alan moppaus tai muu lattian puhdistus, tasojen ja p\u00f6lyjen pyyhint\u00e4, tahrojen poisto, wc-tilojen siivous sek\u00e4 keitti\u00f6n lavuaarien pesu ja mahdollinen astioiden tiskaus.<\/p>\n\n\n\n<p class=\"has-text-align-center\">Kaikkiin palveluihin on mahdollisuus lis\u00e4t\u00e4 ja\/tai poistaa sis\u00e4lt\u00f6\u00e4, lis\u00e4palvelut l\u00f6ytyv\u00e4t erikseen listattuna.<\/p>\n\n\n\n<p class=\"has-text-align-center\">Tasojen ja p\u00f6lyjen pyyhinn\u00e4ss\u00e4 sek\u00e4 ikkunoiden pesuissa maksimi korkeus noin kolme (3) metri\u00e4.<\/p>\n\n\n\n<p><\/p>\n\n\n\n<p class=\"has-text-align-center\">Ty\u00f6 suoritetaan p\u00e4\u00e4s\u00e4nt\u00f6isesti arkisin klo. 8-16 v\u00e4lill\u00e4, mutta satunnaisia ilta- ja viikonloppuaikoja voi my\u00f6s tiedustella.<\/p>\n\n\n\n<div class=\"wp-block-columns is-style-light is-layout-flex wp-container-core-columns-is-layout-28f84493 wp-block-columns-is-layout-flex\">\n<div class=\"wp-block-column is-layout-flow wp-block-column-is-layout-flow\">\n<figure class=\"wp-block-image size-large\"><img loading=\"lazy\" decoding=\"async\" width=\"1024\" height=\"683\" src=\"https:\/\/mini-siivous.fi\/wp-content\/uploads\/2026\/02\/ChatGPT-Image-11.2.2026-klo-12.56.12-1024x683.png\" alt=\"\" class=\"wp-image-54\" srcset=\"https:\/\/mini-siivous.fi\/wp-content\/uploads\/2026\/02\/ChatGPT-Image-11.2.2026-klo-12.56.12-1024x683.png 1024w, https:\/\/mini-siivous.fi\/wp-content\/uploads\/2026\/02\/ChatGPT-Image-11.2.2026-klo-12.56.12-300x200.png 300w, https:\/\/mini-siivous.fi\/wp-content\/uploads\/2026\/02\/ChatGPT-Image-11.2.2026-klo-12.56.12-768x512.png 768w, https:\/\/mini-siivous.fi\/wp-content\/uploads\/2026\/02\/ChatGPT-Image-11.2.2026-klo-12.56.12.png 1536w\" sizes=\"auto, (max-width: 1024px) 100vw, 1024px\" \/><\/figure>\n\n\n\n<details class=\"wp-block-details is-layout-flow wp-block-details-is-layout-flow\"><summary>Yll\u00e4pitosiivous 1-4 krt.\/kk<\/summary>\n<p class=\"has-text-align-center\">Yll\u00e4pitosiivouksista tehd\u00e4\u00e4n toistaiseksi voimassa oleva sopimus. Ennen sopimuksen tekemist\u00e4, tulen ilmaiselle kartoitusk\u00e4ynnille,&nbsp;jossa suunnitellaan yll\u00e4pitosiivouksien toteutus&nbsp;ja r\u00e4\u00e4t\u00e4l\u00f6id\u00e4\u00e4n juuri sinulle sopiva kokonaisuus. Kartoitusk\u00e4ynti ei sido sopimuksen tekemiseen. <\/p>\n<\/details>\n\n\n\n<p class=\"has-text-align-center\">&nbsp;<\/p>\n<\/div>\n\n\n\n<div class=\"wp-block-column is-layout-flow wp-block-column-is-layout-flow\">\n<figure class=\"wp-block-image size-large\"><img loading=\"lazy\" decoding=\"async\" width=\"1024\" height=\"683\" src=\"https:\/\/mini-siivous.fi\/wp-content\/uploads\/2026\/02\/ChatGPT-Image-11.2.2026-klo-12.56.12-1024x683.png\" alt=\"\" class=\"wp-image-54\" srcset=\"https:\/\/mini-siivous.fi\/wp-content\/uploads\/2026\/02\/ChatGPT-Image-11.2.2026-klo-12.56.12-1024x683.png 1024w, https:\/\/mini-siivous.fi\/wp-content\/uploads\/2026\/02\/ChatGPT-Image-11.2.2026-klo-12.56.12-300x200.png 300w, https:\/\/mini-siivous.fi\/wp-content\/uploads\/2026\/02\/ChatGPT-Image-11.2.2026-klo-12.56.12-768x512.png 768w, https:\/\/mini-siivous.fi\/wp-content\/uploads\/2026\/02\/ChatGPT-Image-11.2.2026-klo-12.56.12.png 1536w\" sizes=\"auto, (max-width: 1024px) 100vw, 1024px\" \/><\/figure>\n\n\n\n<details class=\"wp-block-details is-layout-flow wp-block-details-is-layout-flow\"><summary>Kertasiivous<\/summary>\n<p class=\"has-text-align-center\">Perussiivouksen lis\u00e4ksi kertasiivoukseen voi valita lis\u00e4palveluita.<\/p>\n<\/details>\n<\/div>\n\n\n\n<div class=\"wp-block-column is-layout-flow wp-block-column-is-layout-flow\">\n<figure class=\"wp-block-image size-large\"><img loading=\"lazy\" decoding=\"async\" width=\"1024\" height=\"683\" src=\"https:\/\/mini-siivous.fi\/wp-content\/uploads\/2026\/02\/ChatGPT-Image-11.2.2026-klo-12.56.12-1024x683.png\" alt=\"\" class=\"wp-image-54\" srcset=\"https:\/\/mini-siivous.fi\/wp-content\/uploads\/2026\/02\/ChatGPT-Image-11.2.2026-klo-12.56.12-1024x683.png 1024w, https:\/\/mini-siivous.fi\/wp-content\/uploads\/2026\/02\/ChatGPT-Image-11.2.2026-klo-12.56.12-300x200.png 300w, https:\/\/mini-siivous.fi\/wp-content\/uploads\/2026\/02\/ChatGPT-Image-11.2.2026-klo-12.56.12-768x512.png 768w, https:\/\/mini-siivous.fi\/wp-content\/uploads\/2026\/02\/ChatGPT-Image-11.2.2026-klo-12.56.12.png 1536w\" sizes=\"auto, (max-width: 1024px) 100vw, 1024px\" \/><\/figure>\n\n\n\n<details class=\"wp-block-details is-layout-flow wp-block-details-is-layout-flow\"><summary>Muuttosiivous<\/summary>\n<p class=\"has-text-align-center\">Perussiivouksen lis\u00e4ksi muuttosiivoukseen sis\u00e4ltyy kaappien ja kiinteiden hyllyjen pesu, ikkunoiden pesu, parvekkeen\/terassin siivous sek\u00e4 uunin ja j\u00e4\u00e4kaapin pesut.<\/p>\n<\/details>\n<\/div>\n<\/div>\n\n\n\n<div class=\"wp-block-columns is-layout-flex wp-container-core-columns-is-layout-28f84493 wp-block-columns-is-layout-flex\">\n<div class=\"wp-block-column is-layout-flow wp-block-column-is-layout-flow\">\n<figure class=\"wp-block-image aligncenter size-full is-resized\"><img loading=\"lazy\" decoding=\"async\" width=\"512\" height=\"512\" src=\"https:\/\/mini-siivous.fi\/wp-content\/uploads\/2026\/02\/cropped-ChatGPT-Image-11.2.2026-klo-12.56.12.png\" alt=\"\" class=\"wp-image-70\" style=\"width:275px;height:auto\" srcset=\"https:\/\/mini-siivous.fi\/wp-content\/uploads\/2026\/02\/cropped-ChatGPT-Image-11.2.2026-klo-12.56.12.png 512w, https:\/\/mini-siivous.fi\/wp-content\/uploads\/2026\/02\/cropped-ChatGPT-Image-11.2.2026-klo-12.56.12-300x300.png 300w, https:\/\/mini-siivous.fi\/wp-content\/uploads\/2026\/02\/cropped-ChatGPT-Image-11.2.2026-klo-12.56.12-150x150.png 150w, https:\/\/mini-siivous.fi\/wp-content\/uploads\/2026\/02\/cropped-ChatGPT-Image-11.2.2026-klo-12.56.12-270x270.png 270w, https:\/\/mini-siivous.fi\/wp-content\/uploads\/2026\/02\/cropped-ChatGPT-Image-11.2.2026-klo-12.56.12-192x192.png 192w, https:\/\/mini-siivous.fi\/wp-content\/uploads\/2026\/02\/cropped-ChatGPT-Image-11.2.2026-klo-12.56.12-180x180.png 180w, https:\/\/mini-siivous.fi\/wp-content\/uploads\/2026\/02\/cropped-ChatGPT-Image-11.2.2026-klo-12.56.12-32x32.png 32w\" sizes=\"auto, (max-width: 512px) 100vw, 512px\" \/><\/figure>\n\n\n\n<details class=\"wp-block-details is-layout-flow wp-block-details-is-layout-flow\"><summary>Toimisto- ja liiketilasiivous<\/summary>\n<p>Perussiivouksen lis\u00e4ksi mahdollisuus lis\u00e4palveluihin. Sek\u00e4 kertasiivouksena, ett\u00e4 s\u00e4\u00e4nn\u00f6llisen\u00e4 yll\u00e4pitosiivouksena. <\/p>\n<\/details>\n<\/div>\n\n\n\n<div class=\"wp-block-column is-layout-flow wp-block-column-is-layout-flow\">\n<figure class=\"wp-block-image aligncenter size-full is-resized\"><img loading=\"lazy\" decoding=\"async\" width=\"512\" height=\"512\" src=\"https:\/\/mini-siivous.fi\/wp-content\/uploads\/2026\/02\/cropped-ChatGPT-Image-11.2.2026-klo-12.56.12.png\" alt=\"\" class=\"wp-image-70\" style=\"width:280px;height:auto\" srcset=\"https:\/\/mini-siivous.fi\/wp-content\/uploads\/2026\/02\/cropped-ChatGPT-Image-11.2.2026-klo-12.56.12.png 512w, https:\/\/mini-siivous.fi\/wp-content\/uploads\/2026\/02\/cropped-ChatGPT-Image-11.2.2026-klo-12.56.12-300x300.png 300w, https:\/\/mini-siivous.fi\/wp-content\/uploads\/2026\/02\/cropped-ChatGPT-Image-11.2.2026-klo-12.56.12-150x150.png 150w, https:\/\/mini-siivous.fi\/wp-content\/uploads\/2026\/02\/cropped-ChatGPT-Image-11.2.2026-klo-12.56.12-270x270.png 270w, https:\/\/mini-siivous.fi\/wp-content\/uploads\/2026\/02\/cropped-ChatGPT-Image-11.2.2026-klo-12.56.12-192x192.png 192w, https:\/\/mini-siivous.fi\/wp-content\/uploads\/2026\/02\/cropped-ChatGPT-Image-11.2.2026-klo-12.56.12-180x180.png 180w, https:\/\/mini-siivous.fi\/wp-content\/uploads\/2026\/02\/cropped-ChatGPT-Image-11.2.2026-klo-12.56.12-32x32.png 32w\" sizes=\"auto, (max-width: 512px) 100vw, 512px\" \/><\/figure>\n\n\n\n<details class=\"wp-block-details is-layout-flow wp-block-details-is-layout-flow\"><summary>H\u00e4\u00e4t\u00f6- ja raivaussiivous<\/summary>\n<p>Asuntojen siivous asuttavaan kuntoon, ei huonekalujen tai ison irtaimiston h\u00e4vityst\u00e4.<\/p>\n<\/details>\n<\/div>\n\n\n\n<div class=\"wp-block-column is-layout-flow wp-block-column-is-layout-flow\">\n<figure class=\"wp-block-image aligncenter size-full is-resized\"><img loading=\"lazy\" decoding=\"async\" width=\"512\" height=\"512\" src=\"https:\/\/mini-siivous.fi\/wp-content\/uploads\/2026\/02\/cropped-ChatGPT-Image-11.2.2026-klo-12.56.12.png\" alt=\"\" class=\"wp-image-70\" style=\"width:278px;height:auto\" srcset=\"https:\/\/mini-siivous.fi\/wp-content\/uploads\/2026\/02\/cropped-ChatGPT-Image-11.2.2026-klo-12.56.12.png 512w, https:\/\/mini-siivous.fi\/wp-content\/uploads\/2026\/02\/cropped-ChatGPT-Image-11.2.2026-klo-12.56.12-300x300.png 300w, https:\/\/mini-siivous.fi\/wp-content\/uploads\/2026\/02\/cropped-ChatGPT-Image-11.2.2026-klo-12.56.12-150x150.png 150w, https:\/\/mini-siivous.fi\/wp-content\/uploads\/2026\/02\/cropped-ChatGPT-Image-11.2.2026-klo-12.56.12-270x270.png 270w, https:\/\/mini-siivous.fi\/wp-content\/uploads\/2026\/02\/cropped-ChatGPT-Image-11.2.2026-klo-12.56.12-192x192.png 192w, https:\/\/mini-siivous.fi\/wp-content\/uploads\/2026\/02\/cropped-ChatGPT-Image-11.2.2026-klo-12.56.12-180x180.png 180w, https:\/\/mini-siivous.fi\/wp-content\/uploads\/2026\/02\/cropped-ChatGPT-Image-11.2.2026-klo-12.56.12-32x32.png 32w\" sizes=\"auto, (max-width: 512px) 100vw, 512px\" \/><\/figure>\n\n\n\n<details class=\"wp-block-details is-layout-flow wp-block-details-is-layout-flow\"><summary>Yksitt\u00e4iset tilat<\/summary>\n<p>Kaipaako esimerkiksi keitti\u00f6si kunnollista siivousta ja mahdollista uudelleen j\u00e4rjestely\u00e4? Yksitt\u00e4isen tilan siivous ei vaadi muun siivouspalvelun ostamista. Soveltuu hyvin my\u00f6s esimerkiksi autotalleihin ja varastoihin.<\/p>\n<\/details>\n<\/div>\n<\/div>\n\n\n\n<div class=\"wp-block-columns is-layout-flex wp-container-core-columns-is-layout-28f84493 wp-block-columns-is-layout-flex\">\n<div class=\"wp-block-column is-layout-flow wp-block-column-is-layout-flow\">\n<figure class=\"wp-block-image aligncenter size-full is-resized\"><img loading=\"lazy\" decoding=\"async\" width=\"512\" height=\"512\" src=\"https:\/\/mini-siivous.fi\/wp-content\/uploads\/2026\/02\/cropped-ChatGPT-Image-11.2.2026-klo-12.56.12.png\" alt=\"\" class=\"wp-image-70\" style=\"width:314px;height:auto\" srcset=\"https:\/\/mini-siivous.fi\/wp-content\/uploads\/2026\/02\/cropped-ChatGPT-Image-11.2.2026-klo-12.56.12.png 512w, https:\/\/mini-siivous.fi\/wp-content\/uploads\/2026\/02\/cropped-ChatGPT-Image-11.2.2026-klo-12.56.12-300x300.png 300w, https:\/\/mini-siivous.fi\/wp-content\/uploads\/2026\/02\/cropped-ChatGPT-Image-11.2.2026-klo-12.56.12-150x150.png 150w, https:\/\/mini-siivous.fi\/wp-content\/uploads\/2026\/02\/cropped-ChatGPT-Image-11.2.2026-klo-12.56.12-270x270.png 270w, https:\/\/mini-siivous.fi\/wp-content\/uploads\/2026\/02\/cropped-ChatGPT-Image-11.2.2026-klo-12.56.12-192x192.png 192w, https:\/\/mini-siivous.fi\/wp-content\/uploads\/2026\/02\/cropped-ChatGPT-Image-11.2.2026-klo-12.56.12-180x180.png 180w, https:\/\/mini-siivous.fi\/wp-content\/uploads\/2026\/02\/cropped-ChatGPT-Image-11.2.2026-klo-12.56.12-32x32.png 32w\" sizes=\"auto, (max-width: 512px) 100vw, 512px\" \/><\/figure>\n\n\n\n<details class=\"wp-block-details is-layout-flow wp-block-details-is-layout-flow\"><summary>Taloyhti\u00f6t<\/summary>\n<p>Taloyhti\u00f6iden saunat, varastot, pesutuvat, tms. yhteiset tilat.<\/p>\n<\/details>\n<\/div>\n\n\n\n<div class=\"wp-block-column is-layout-flow wp-block-column-is-layout-flow\">\n<figure class=\"wp-block-image aligncenter size-full is-resized\"><img loading=\"lazy\" decoding=\"async\" width=\"512\" height=\"512\" src=\"https:\/\/mini-siivous.fi\/wp-content\/uploads\/2026\/02\/cropped-ChatGPT-Image-11.2.2026-klo-12.56.12.png\" alt=\"\" class=\"wp-image-70\" style=\"width:316px;height:auto\" srcset=\"https:\/\/mini-siivous.fi\/wp-content\/uploads\/2026\/02\/cropped-ChatGPT-Image-11.2.2026-klo-12.56.12.png 512w, https:\/\/mini-siivous.fi\/wp-content\/uploads\/2026\/02\/cropped-ChatGPT-Image-11.2.2026-klo-12.56.12-300x300.png 300w, https:\/\/mini-siivous.fi\/wp-content\/uploads\/2026\/02\/cropped-ChatGPT-Image-11.2.2026-klo-12.56.12-150x150.png 150w, https:\/\/mini-siivous.fi\/wp-content\/uploads\/2026\/02\/cropped-ChatGPT-Image-11.2.2026-klo-12.56.12-270x270.png 270w, https:\/\/mini-siivous.fi\/wp-content\/uploads\/2026\/02\/cropped-ChatGPT-Image-11.2.2026-klo-12.56.12-192x192.png 192w, https:\/\/mini-siivous.fi\/wp-content\/uploads\/2026\/02\/cropped-ChatGPT-Image-11.2.2026-klo-12.56.12-180x180.png 180w, https:\/\/mini-siivous.fi\/wp-content\/uploads\/2026\/02\/cropped-ChatGPT-Image-11.2.2026-klo-12.56.12-32x32.png 32w\" sizes=\"auto, (max-width: 512px) 100vw, 512px\" \/><\/figure>\n\n\n\n<details class=\"wp-block-details is-layout-flow wp-block-details-is-layout-flow\"><summary>Remonttisiivous<\/summary>\n<p>Asunnon siivous remontin j\u00e4lkeen, ei ison remonttij\u00e4tteen h\u00e4vitysmahdollisuutta.<\/p>\n<\/details>\n<\/div>\n\n\n\n<div class=\"wp-block-column is-layout-flow wp-block-column-is-layout-flow\">\n<figure class=\"wp-block-image aligncenter size-full is-resized\"><img loading=\"lazy\" decoding=\"async\" width=\"512\" height=\"512\" src=\"https:\/\/mini-siivous.fi\/wp-content\/uploads\/2026\/02\/cropped-ChatGPT-Image-11.2.2026-klo-12.56.12.png\" alt=\"\" class=\"wp-image-70\" style=\"width:313px;height:auto\" srcset=\"https:\/\/mini-siivous.fi\/wp-content\/uploads\/2026\/02\/cropped-ChatGPT-Image-11.2.2026-klo-12.56.12.png 512w, https:\/\/mini-siivous.fi\/wp-content\/uploads\/2026\/02\/cropped-ChatGPT-Image-11.2.2026-klo-12.56.12-300x300.png 300w, https:\/\/mini-siivous.fi\/wp-content\/uploads\/2026\/02\/cropped-ChatGPT-Image-11.2.2026-klo-12.56.12-150x150.png 150w, https:\/\/mini-siivous.fi\/wp-content\/uploads\/2026\/02\/cropped-ChatGPT-Image-11.2.2026-klo-12.56.12-270x270.png 270w, https:\/\/mini-siivous.fi\/wp-content\/uploads\/2026\/02\/cropped-ChatGPT-Image-11.2.2026-klo-12.56.12-192x192.png 192w, https:\/\/mini-siivous.fi\/wp-content\/uploads\/2026\/02\/cropped-ChatGPT-Image-11.2.2026-klo-12.56.12-180x180.png 180w, https:\/\/mini-siivous.fi\/wp-content\/uploads\/2026\/02\/cropped-ChatGPT-Image-11.2.2026-klo-12.56.12-32x32.png 32w\" sizes=\"auto, (max-width: 512px) 100vw, 512px\" \/><\/figure>\n\n\n\n<details class=\"wp-block-details is-layout-flow wp-block-details-is-layout-flow\"><summary>Lis\u00e4palvelut<\/summary>\n<p>Ikkunoiden pesut, my\u00f6s parvekelasit<\/p>\n\n\n\n<p>Uunin pesu<\/p>\n\n\n\n<p>Saunan ja kylpyhuoneen pesut<\/p>\n\n\n\n<p>Parvekkeen\/terassin siivous<\/p>\n\n\n\n<p>Mattojen tamppaus<\/p>\n<\/details>\n<\/div>\n<\/div>\n","protected":false},"excerpt":{"rendered":"<p>Kaikkiin siivouspalveluihin kuuluu perussiivous: imurointi, vapaan lattia-alan moppaus tai muu lattian puhdistus, tasojen ja p\u00f6lyjen pyyhint\u00e4, tahrojen poisto, wc-tilojen siivous sek\u00e4 keitti\u00f6n lavuaarien pesu ja mahdollinen astioiden tiskaus. Kaikkiin palveluihin on mahdollisuus lis\u00e4t\u00e4 ja\/tai poistaa sis\u00e4lt\u00f6\u00e4, lis\u00e4palvelut l\u00f6ytyv\u00e4t erikseen listattuna. Tasojen ja p\u00f6lyjen pyyhinn\u00e4ss\u00e4 sek\u00e4 ikkunoiden pesuissa maksimi korkeus noin kolme (3) metri\u00e4. Ty\u00f6 suoritetaan [&hellip;]<\/p>\n","protected":false},"author":1,"featured_media":0,"parent":0,"menu_order":0,"comment_status":"closed","ping_status":"closed","template":"","meta":{"footnotes":""},"class_list":["post-64","page","type-page","status-publish","hentry"],"_links":{"self":[{"href":"https:\/\/mini-siivous.fi\/index.php\/wp-json\/wp\/v2\/pages\/64","targetHints":{"allow":["GET"]}}],"collection":[{"href":"https:\/\/mini-siivous.fi\/index.php\/wp-json\/wp\/v2\/pages"}],"about":[{"href":"https:\/\/mini-siivous.fi\/index.php\/wp-json\/wp\/v2\/types\/page"}],"author":[{"embeddable":true,"href":"https:\/\/mini-siivous.fi\/index.php\/wp-json\/wp\/v2\/users\/1"}],"replies":[{"embeddable":true,"href":"https:\/\/mini-siivous.fi\/index.php\/wp-json\/wp\/v2\/comments?post=64"}],"version-history":[{"count":24,"href":"https:\/\/mini-siivous.fi\/index.php\/wp-json\/wp\/v2\/pages\/64\/revisions"}],"predecessor-version":[{"id":209,"href":"https:\/\/mini-siivous.fi\/index.php\/wp-json\/wp\/v2\/pages\/64\/revisions\/209"}],"wp:attachment":[{"href":"https:\/\/mini-siivous.fi\/index.php\/wp-json\/wp\/v2\/media?parent=64"}],"curies":[{"name":"wp","href":"https:\/\/api.w.org\/{rel}","templated":true}]}}